5
12 - (-12 + -10 + -1 + 15 + -4)
24
12 - (48 - -17 - -18) - (-1 + 4)
-74
Evaluate -24 + 81 + (-11 + 5 + 11 - -1).
63
-15 + (3 - (-8 - -1 - (140 + -144) - -3))
-12
-1 + 37 + -1 + 0 - (-4253 + 4259)
29
Calculate (8 - (-82 - -8)) + -237 + 244.
89
132 + (66 + -55 - (8 + 2))
133
What is the value of 114 - 46 - 6 - (2 + 49)?
11
What is the value of 11 - 137 - (-1654 - -1552)?
-24
What is -24 + 23 - (-14 + (45 - 17))?
-15
Calculate -71 - (6 + 1) - (6 - 20).
-64
What is the value of (-94 - -33) + (-1 + 30 - 24)?
-56
42 + -64 + -25 + 79
32
What is -1 + 70 - 2 - (6 + 19 + -2 + -12)?
56
(-58 - 36) + 4 + -14 + 7 + -7
-104
Calculate 42 + 6 + -58 + -6 + (0 - 1).
-17
What is 24 + -9 + 12 - (9 - 12)?
30
What is the value of 15 + -75 + 28 + 80?
48
Calculate -1 + 0 - -23 - (-17 + 11 + 32 - 27).
23
Calculate 7 + -22 + 16 + 11 + 2 - 11.
3
What is the value of 27 + 85 + -177 + 43?
-22
-21 + (-20 - -23) - (-9 + -7)
-2
(415 - 404) + (-1 - (3 - 6) - (-67 - -2))
78
Calculate -532 + 590 + (-85 - 3).
-30
(8 + 10 + (6 - 21) - 10) + -2 + -22
-31
-13 + 7 + (1 - 5) + -3 - (-309 - -232)
64
Evaluate -28 + (12 - 27) + -1 + 15.
-29
-130 + 23 - (-149 + 85)
-43
Evaluate -36 + 71 - (102 - 52).
-15
What is -71 + 4 + (27 - 90) + 34?
-96
18 - (-24 + 38) - (-2 + -42 - -6)
42
What is -146 + 12 - (-13 - -20 - 8 - -11 - 12)?
-132
Evaluate 6 + 1 - (-28 - ((47 - 28) + 9)).
63
Evaluate 1753 - 1761 - (-1 + -77 + 2).
68
Evaluate -43 - ((31 - 60) + -5).
-9
Evaluate -88 + 0 - (169 + -55 + -79).
-123
Evaluate -23 + 2 + 5766 + -5766.
-21
What is the value of (129 - 268 - -103) + (-5 - 1)?
-42
78 - (-5 + (-14 - -91))
6
Calculate (-46 - -15) + -5 + 5 - (-19 + (4 - -4)).
-20
What is -86 - ((2 - 4) + (26 - (13 - -2) - 9))?
-86
-36 + 52 + -33 + 39
22
What is the value of -22 - 3 - (-30 - -29)?
-24
What is the value of 27 + 0 + 109 + (-115 - 45)?
-24
What is the value of (-96 - -103 - (1 + (11 - -1))) + -36 + -10?
-52
Evaluate 8 + (-146 - -3) - (-169 + 125).
-91
653 + -654 + (8 - 5 - -31)
33
Evaluate 53 + (-95 - -42) + -3 + (2 - -1) + 23.
23
Calculate 18 + -39 + 25 + -46.
-42
What is 93 - (92 + 96 - -2)?
-97
What is 3 + -25 + 0 - (-418 + 380)?
16
Evaluate (22 - (8 + (-8 - -26))) + (4 - 13).
-13
5 + -6 - 12 - (0 - 22 - (-661 + 677))
25
Evaluate 7 + -1 - (-59 - (-2 + 1) - (96 - 112)).
48
-21 + (-20 - -52 - 10) - (2 - 8)
7
What is the value of 5 + (53 - 22) + 21 - 3?
54
Calculate 18 + -13 + 2 + 7 + 5 - 69.
-50
Calculate 17 + -5 + (-16 + 3 - -3) - 43.
-41
What is -1 + (-2 - -49) - (7 - (13 + -3 - 13))?
36
What is -1 + (-2 - 11) + (28 - ((-9 - -13) + -16))?
26
What is (31 - -15 - 5) + 2 + 1 - (-107 + 101)?
50
Evaluate -5 + (18 + 23 - 48 - (2 + 29)).
-43
47 - (43 + (4 - -37)) - -94
57
Evaluate 35 - (-136 + 182) - (1 + 0 + -64).
52
What is -28 + (2 - (3 - (-2 + (-1 - 7))))?
-39
Evaluate 12 + (6 - ((15 - 9) + 23)).
-11
Calculate -20 + 21 - (254 + -225).
-28
Calculate (-3 - -1) + 7517 + -7536.
-21
(2 - (-3 - -11)) + (-199 - (21 + -184))
-42
13 - 10 - (6 - (43 - 7 - 9))
24
What is 8 + (53 - (-58 - -93))?
26
Calculate (-1 - 1) + (8 + 181 - (-332 + 389)).
130
What is -4193 + 4242 - (3 + (-29 - -1))?
74
Evaluate -3 + 77 + 1 - (1333 - 1306).
48
Calculate -59 - -6 - (-1124 + 1091).
-20
What is the value of -1 + (46 - 56) - 20?
-31
Calculate -1 + -21 + 85 + -84 + 17.
-4
Calculate (-219 - (8 + -87)) + 29.
-111
What is the value of -1 + (12 - 1) + -35 + (16 - -28)?
19
What is (8373 - 8342) + 1 + 44 + -2?
74
Evaluate (-17 - (-50 - 10)) + -45.
-2
What is 7 + -66 + (10 - (-23 + 6 + 10))?
-42
What is the value of 1110 - 1096 - (-5 - (20 - (-3 - -7)))?
35
Evaluate -70 - (-13 + 5 + 3 + -2 + -5).
-58
Calculate -9 + (1 - 2 - (-349 - -370)).
-31
What is the value of 70 + 2 - -3 - (0 - -10 - (2 + 3))?
70
Evaluate (-1 + (6 - 14) + 2 - (-25 - -8)) + -41.
-31
Evaluate -1 + (7 - 1) + 219 + -231 + (-1 - -10).
2
Calculate 25 - (38 + 57 + -31).
-39
What is -3115 - -3115 - (-2 - 90)?
92
Evaluate (15 - -6) + 20 + -23.
18
0 - (1 + -5 - (-67 + (-1 - -31)))
-33
-49 - 2 - (283 - 297 - (-1 - (3 - -10)))
-51
23 + -29 + (12 - 42)
-36
-13 - (12 + (-16 - 0 - -10) - -4)
-23
What is 18 - (-69 + (-11 + 7 - -21))?
70
What is 49 - 5 - -6 - 33?
17
What is the value of 8 - (-29 - ((-2 - 1) + (-10 - -19) + -10))?
33
-64 + 5 + 55 + -105 + 75
-34
Evaluate -30 - (-17 + (-36 - -22)) - (-1 - (2 - 0)).
4
What is the value of (35 - 18) + -4 - (6 + 3 + 3)?
1
What is the value of 7 + (8 - 2) + (-19 - (5 - (-3 + 18)))?
4
13 + (3 - (5 - (-4 - -11) - -8) - -3)
13
68 + -36 + -13 + -125 - -9
-97
What is 4 + (-7 - -23 - 37)?
-17
Calculate (-13 + 22 + -5 + -2 - -9) + 5.
16
What is -6 - (9 + -8 + (-12 - (-7 + -27)))?
-29
Calculate -11 - (-1 + 0) - (-46 - -24 - -55 - 90).
47
Evaluate -67 - 0 - (45 + 70 + -116).
-66
What is the value of 80 + -90 + -20 + 60 - (10 - -1)?
19
What is 72 + (-276 - -178) - (3 + -1 + 9)?
-37
6 - -21 - (-319 + 393)
-47
182 + -122 + -29 + 8 + -4
35
637 - 674 - (0 + -37)
0
Evaluate 4 - 3 - -3 - (54 + 13 + -68).
5
What is the value of (-2 - 1 - -2) + (40 + -18 + 54 - -9)?
84
Calculate 2 + 11 + -3 + 54 + (-11 - 17) + 5.
41
Calculate 54 + 47 + -90 - -35.
46
Evaluate 1 + 7 + 0 + 4 + -10 + 7.
9
What is (0 + 15 - 14) + 366 + -217?
150
Evaluate -3 + -1 + (-2 - 1) + 13.
6
What is 45 - 1 - (12 + 0 + 594 + -618) - -11?
67
What is the value of 70 - ((9 - (-6 - -11)) + (149 - 146))?
63
14 + -6 + (49 - 29) + 1 + 16
45
What is the value of 27 + (47 - (116 + -37))?
-5
13 + 5 + -20 - (-9 - 2)
9
Calculate (-2 - 65) + (6 - 0 - (-21 + 11)).
-51
What is -21 - ((6 - 24) + 14) - (-1 + 15)?
-31
Evaluate ((8 - (-8 + 14 + -1)) + 6 - 30) + -8.
-29
What is the value of -8 + (1 - (1 + -4) - 9 - (1 - -35))?
-49
Evaluate -5 + (7 - (-8 - -2)) + -41 - -5.
-28
Evaluate -12 + (3 - -11) + 0 - (15 - 2).
-11
What is -35 - -2 - (92 + 206 + -335)?
4
Calculate -8 + (84 - (1 + -12 - -21)) - -14.
80
Calculate -10 + 10 - -112 - (309 - 275).
78
Calculate 1 + -4 + 16 + -32 + -21.
-40
What is (22 - 25) + -48 - -54 - (0 + -39)?
42
11503 + -11495 - (-101 - -1 - 0)
108
What is 46 + (-132 - (-21 + 43))?
-108
What is -22 + 66 + -4 + -57?
-17
What is -5 - (12 + (-13 - -12))?
-16
Evaluate (-82 - 0) + -12 + 17 + 16.
-61
What is the value of (0 - 11) + -6 + (15 - 2) + (29 - -7)?
32
Calculate 22 + 6 + -32 + 26 + -11.
11
Evaluate -15 - -1 - (23 - (130 + -2 + 0 + -19)).
72
What is the value of 8 - (2 + (-1 - 4)) - (14301 - 14154)?
-136
24 + 2 + (-62 - -29) + 14
7
Calculate -65 + (35 - 102) + 136.
4
Calculate -9 + 96 + -30 - (1 - (-3 + 6 + -5)).
54
What is the value of 43 + (3 + (-8 - 5 - -23) - (24 - 2))?
34
What is the value of 17 + (12 - (33 + -22)) + -16 + -4?
-2
What is 0 + (-1 - -2) - (-70 - -113 - 34) - -18?
10
Evaluate -1 + -2 + (-17 - ((0 - 7) + 7 - 1)).
-19
What is the value of -36 - (8 - (-38 - -40))?
-42
What is -9 + (-9 - (21 + -46) - 0)?
7
What is -25 - (-1304 + 1276 - (-1 + -116))?
-114
What is the value of (1 + -16 - (93 - 97)) + 28?
17
219 + -169 + (1 - 53) + 8
6
Evaluate -5 + 14 + ((-3 - 10) + -3 - -100).
93
What is the value of (2 + -4 - -4) + 49 + 901 + -883?
69
Evaluate (-10 - 4) + -1 + 4 + 1.
-10
Evaluate -3 + -37 - (690 - 729) - (5 - -1).
-7
Calculate (50 - (12 - -24)) + (4 - 33).
-15
What is the value of 7 - (23 - (6 - (1 - -4))) - 9 - -1?
-23
11 + (4 - 11) + 6 - (47 - 57)
20
What is (-5 - 94) + 58 + -48 + 1 + 3?
-85
-89 + 3 + 137 + -73
-22
What is the value of -12 + ((-16 - -8) + -5 + 6 + 9 - -58)?
48
What is 7 + 60 + (6 + 5 - (-13 + 13))?
78
Calculate -2253 - -2257 - (-1 - (4 - (-4 + 8)) - 110).
115
Evaluate 0 + (-142 - -182) + -178.
-138
Evaluate -14 + (8 - 2) - -31 - (-127 + 152).
-2
6 + 1 - -45 - (-26 + 5 - -35)
38
Evaluate -8 - (-3 - (-38 + 38) - (7 - 54)).
-52
What is -17 + -57 + (-8 - (16 + -27)) + -6?
-77
What is -73 - ((116 - 138) + -56)?
5
Evaluate 112 + 157 + -101 - 121.
47
What is (106 - 1) + (-5905 - -5826)?
26
0 - -10 - (1 + (3 - 27) + 24)
9
What is the value of -12 + 12 - (6 - (-51 + (9 - -8)))?
-40
What is the value of 43 - (-5 - (-19 + -19) - 18)?
28
Evaluate (48 - -17 - 47) + -65 + 33.
-14
40 + -40 + -23 + -5 + -23
-51
-58 - (22 - ((-11 - -57) + -8))
-42
Calculate (20 - 3) + 13 + (-77 - -103).
56
What is 38 + 5 - (-18 - -103)?
-42
1 + 2 + -7 - (-17 + 8 - -2)
3
Calculate -1 + 0 + 34 + 111 + (59 - 168).
35
What is -12 - (-19 + 9 - ((70 - -1) + 22))?
91
Evaluate 